2*t. Calculate i(22).
-8
Let f(i) = -2 + 8 - 5*i - 7. Suppose 4*c + 34 - 16 = -5*h, 2*c + 2*h + 8 = 0. Calculate f(c).
9
Let z(q) = -1 - 9*q + 11*q - 2 - 12 + 2. Determine z(6).
-1
Let i(s) = 31*s**2 - 31*s - 3. Let f(v) = -7*v**2 + 7*v. Let h(w) = 9*f(w) + 2*i(w). Let a(t) = -t**3 + t**2 - t. Let j be a(0). Calculate h(j).
-6
Let n(p) = -3*p - 32. Let l be (10 + (-986)/68)/(2/4). Calculate n(l).
-5
Let r(y) = 7*y**2 - 9*y**2 + 158491*y - 158553*y - 54. Determine r(-30).
6
Let o(k) = 8*k**2 + 11*k + 14. Let c(b) = b**2 + b + 3. Let m(h) = 4*c(h) - o(h). Determine m(-3).
-17
Let u(k) be the third derivative of -11*k**5/60 + k**4/8 - k**3/3 - 3*k**2 - 26*k + 16. What is u(1)?
-10
Let x = 20910 + -20919. Let t(f) = f**2 - 12*f - 178. Give t(x).
11
Let l(i) = -3*i**3 - 8*i + 2*i**3 - 7*i**2 + 9*i - 4*i + 10*i**2. Suppose r - 1 = 0, 3*b - 4*r - 1 = 4. What is l(b)?
-9
Let r(x) = 2*x + 70. Let n(g) = -g - 89. Let v(d) = -4*n(d) - 5*r(d). What is v(8)?
-42
Suppose 13 + 7 = 5*r. Let c be r/(-34) + (7 - 500/85). Let d(b) = -b**2 + 1. Determine d(c).
0
Let s(l) = -5437*l + 2721*l + 12 + 2712*l. What is s(-4)?
28
Let h be ((-10 - -15)*36)/(0 - -1). Suppose -t - 19*t + h = 0. Let v(i) = i**2 - 11*i + 12. Determine v(t).
-6
Let a(z) = -109 + z**2 - 33*z + 68 + 3*z + z + 17*z. What is a(14)?
-13
Let z(a) = -6*a**3 - 2*a**2 + a. Let u(p) = -49. Let o(h) = h + 4. Let d(l) = -2*o(l) - u(l). Let j be d(20). What is z(j)?
-7
Let c(q) = -q**2 - 6*q + 6. Let o be 0 + ((-20)/15*3 - -169). Let t = -170 + o. Calculate c(t).
11
Let l(o) be the first derivative of -o**3/6 - 9*o**2/2 - 14*o + 44. Let p(d) be the first derivative of l(d). Determine p(-8).
-1
Let b(l) = l**2 - 9*l + 6. Let p be (-1195)/40 - (-1)/(-8). Let g be (-6)/p - (-24)/5. Determine b(g).
-14
Suppose 4*t + g - 26 = -93, -4*t + 2*g - 70 = 0. Let q(a) = 2*a + 37. What is q(t)?
3
Let u(f) = 25*f**2 + 2*f. Let w(o) = 83*o**2 + 8*o + 1. Let r(m) = 7*u(m) - 2*w(m). Give r(-1).
9
Let q(s) = -s**3 + 9*s**2 - 15*s + 10. Let u(j) = -156*j + 943. Let w be u(6). Give q(w).
3
Let i(z) = 3*z**2 - 5. Let x(r) = 16*r**2 - 3*r - 27. Let q(g) = 4*i(g) - x(g). Determine q(-4).
-69
Let p = 591 + 369. Let m(y) = 3*y - 1921 + p + 970. What is m(-10)?
-21
Suppose 5*l - 2*l + 2*c = 0, 0 = -4*l - 4*c. Suppose -q + 16 - 14 = l. Let z(d) = 13*d + q*d**2 + 0*d**3 + 6*d - 20*d + d**3. Calculate z(1).
2
Let d(j) be the first derivative of -5*j**4/4 + j**3 + j**2/2 + j + 437. Calculate d(2).
-25
Let w = 359 - 357. Suppose w*a = 3*n - 12 + 9, 5*a + 2*n = 2. Let s(q) = -q - 7. What is s(a)?
-7
Let w(h) = -1420*h + 2845*h + 150 - 5*h**2 - 1426*h + h**3 + 5*h**2. What is w(0)?
150
Let c(l) = l + 6. Let n be c(-5). Let w(x) = -13*x + 11. Let q(o) = -7*o + 5. Let d(t) = -9*q(t) + 4*w(t). Determine d(n).
10
Let v(k) = 23*k**2 - 14*k + 24. Let x(u) = -u**3 + 67*u**2 - 43*u + 70. Let f(j) = 7*v(j) - 2*x(j). Calculate f(-14).
0
Let l(o) = -o**3 + 24*o**2 - 79*o - 14. Let g be (-110)/(-6) + (-2245)/(-1347). What is l(g)?
6
Suppose 0 = 2*t + 72*u - 76*u - 4, 0 = -5*t + 4*u - 26. Let j(d) = -d**2 - 39*d - 300. Calculate j(t).
-10
Let a be ((-504)/189)/((-16)/(-6) - 2). Let h(q) = q**3 + 2*q**2 + 7*q + 47. What is h(a)?
-13
Let j(m) = 2*m + 2821 - 1423 - 1449. Determine j(23).
-5
Let a = -3 + 0. Let d(u) = -14*u**2 + 25*u - 19. Let x(k) = -3*k**2 + 5*k - 4. Let r(w) = -6*d(w) + 29*x(w). What is r(a)?
-14
Suppose -112 = y - v, -v = -4*y + 6*y + 236. Let b = y + 110. Let a(s) = -s**3 - 7*s**2 - 3*s + 5. Calculate a(b).
-13
Suppose 2*a - 2*m + 7*m = 0, -4*a + 2*m = 24. Let z(x) = -2*x - 8. Let c be z(a). Let t(r) = -13 - 45*r + 2*r**c + 44*r - 3*r**2. Give t(0).
-13
Let l(q) = -q - 162. Let p(f) = -2*f - 273. Let x(z) = 5*l(z) - 3*p(z). Let u = -20 + 13. Calculate x(u).
2
Let s(p) = -p**2 - 2. Let z(l) = -l**2 + 40*l - 142. Let k be z(36). Suppose k*r = -a, 0 = -a - 5*r + 6 - 15. What is s(a)?
-38
Suppose 310 = 19*l - 108. Let b(f) = -81*f + 167*f - l - 85*f. Determine b(17).
-5
Let s(z) be the second derivative of z**5/20 + z**4/3 + z**3 - 2*z**2 - z + 589. Determine s(-3).
-13
Suppose 0 = -62*k - 571 + 447. Let s(l) = l**3 + l**2 + 4*l + 2. What is s(k)?
-10
Let w(t) = 4*t**2 + 3 + 684*t**3 - 368*t**3 - t - 317*t**3. Let z = -8 - -12. Calculate w(z).
-1
Suppose -9 = t - 4*t. Let a be (1*(1 + 6) - t)/2. Let r(p) = -p**3 - 2*p - 2*p**2 - 3*p**2 - 5*p**a + 9*p**2. Determine r(-2).
8
Let s(t) = 5*t - 155*t**2 + 52*t**2 + 48*t**2 + 61*t**2 + 2*t**3 - 6 - 3*t**3. Determine s(5).
44
Let o(b) = -b**2 + 5*b - 5. Let w = -106 + 109. Suppose -32 = 2*n + 5*r - 276, 0 = w*n + 2*r - 355. Let t = n + -113. Calculate o(t).
-1
Suppose -114*w - 81*w + 61*w = 536. Let u(b) = 9*b + 31. What is u(w)?
-5
Let h(g) be the second derivative of -g**7/840 + g**6/60 + 7*g**5/120 - 7*g**4/24 - 12*g**3 - 2*g - 2. Let d(q) be the second derivative of h(q). What is d(7)?
-7
Let l(x) = x**2 - 5*x + 2. Suppose 0 = m + 4*f, 3 = 2*m + 3*f + 2*f. Suppose 2*v + 3 = m*u - 1, -v + 14 = 2*u. Determine l(v).
8
Let n = -126 + 82. Let g = n - -50. Let r(m) = -m**3 + 9*m**2 + 2*m - 5. Let x(f) = -f**3 + 8*f**2 + 3*f - 5. Let q(w) = 3*r(w) - 4*x(w). What is q(g)?
5
Let c(d) = 43*d - 181. Let b = 8357 - 8353. Give c(b).
-9
Let l be (-2)/2 + -1 + 2. Let u(x) be the first derivative of x**3/3 - x**2/2 + 14*x + 374925. Give u(l).
14
Let t be (341 + -335)*22/12. Let s(z) = 4*z - 7. Calculate s(t).
37
Let u(c) = c**2 + 985 + 0*c + c - 2*c - 487 - 487. Determine u(3).
17
Let u be (-20)/6*90/(-75). Suppose 41 = u*s + 37. Let n(m) = -11*m**3 + 1. Calculate n(s).
-10
Suppose -8*q = 2*q - 40. Suppose 4*z - 20 = -q*d, -5*d + 7 + 18 = 4*z. Let p(u) = u + 4. Determine p(z).
4
Let s(k) = -82*k - 250. Let b be s(-3). Let c(l) = 3*l - 5. Determine c(b).
-17
Let g(l) = 16 + 5 + 0 - 54979*l + 54976*l. Let b be (-2)/7 + (-72)/(-7). Give g(b).
-9
Let i(f) be the third derivative of 5*f**4/6 - 11*f**3/6 + 1358*f**2. What is i(3)?
49
Let k(o) = -16*o - 23. Let a be (10/(-65) - 60/(-52))*-1. Let c be k(a). Let h(n) = n**2 + 7*n - 7. Determine h(c).
-7
Let b(m) be the second derivative of m**6/120 - m**5/120 + 3*m**4/4 - 26*m. Let d(y) be the third derivative of b(y). Let c be (5/10)/((-1)/4). Give d(c).
-13
Let w(d) = d**3 - 3*d**2 + 1. Let r = 64 + -58. Suppose 5*v + 61 = 3*n, 3*n - r*v = -9*v + 21. Suppose -m + 8 = 2*m + b, -5*m = 3*b - n. Determine w(m).
1
Let z(m) be the third derivative of m**5/60 + m**4/8 - 17*m**3/6 - 70*m**2 + m. Let s be z(-6). Let p(l) = -6*l**3 - l**2 + 1. Calculate p(s).
-6
Let y be (85 + -83 + ((-3)/2 - 1))*34. Let w(o) = -6*o**2 - 101*o + 15. Give w(y).
-2
Let b(u) = -u + 4. Let t be b(4). Let q(p) = p**3 - 885 - 2*p + 455 + p + 434 + p**2. Calculate q(t).
4
Let f(n) = -7*n**2 + 5*n - 1676 + 1667 - 3*n + n**3. Determine f(7).
5
Let i(f) = -f**3 - 5*f**2 - 4*f - 4. Suppose 132 + 1 = 19*r. Let y be (20/(-14))/(-5) + (-23)/r. Give i(y).
-10
Let u(z) = 2*z**2 - 14*z. Let d be u(7). Let a(y) = 208*y + d - 6 + 0 + 211*y - 418*y. Give a(-11).
-17
Let x(f) = 17 - 5404*f**2 - 33 + 5403*f**2 + 14*f - 2*f. Give x(6).
20
Let y(n) = -53*n**2 + 2*n + 6. Let w(d) = 46*d**2 - 3*d - 7. Let l(o) = 4*w(o) + 5*y(o). What is l(1)?
-81
Let d(j) = j**3 - j**2 - 4*j - 1. Let m = -6 + 11. Let q = -1260 + 1263. Suppose m*i = q*i + 6. Give d(i).
5
Suppose 10*a = a + 36. Let h(j) = -a*j**2 - j - 3 + 5*j**2 + 2 - 9. What is h(0)?
-10
Let y(c) = -c**2 - 4*c + 5. Let j(g) = 15*g - 25. Let b = 51 + -41. Let h be j(b). Let w = 120 - h. Give y(w).
0
Let b(x) = 62*x**3 + 2*x**2 - 3*x + 7. Let q(v) = 32*v**3 + v**2 - 2*v + 4. Let l(j) = 3*b(j) - 5*q(j). What is l(-1)?
-25
Let d(y) = 24*y**3 - 55*y**2 - y - 42. Let z(t) = 5*t**3 - 11*t**2 - 8. Let a(n) = -4*d(n) + 19*z(n). Calculate a(12).
-80
Let u be (1/3*-14)/(12 + 544/(-48)). Let c(x) = -2*x - x + 2*x**2 + 9 - 3*x**2. Give c(u).
-19
Let f(n) = 6*n + 1429 - 714 - 715. Let o(u) = -u - 6. Let v be o(-9). Give f(v).
18
Let h(k) be the third derivative of 13*k**4/24 + 16*k**3/3 - 3*k**2 - 7*k + 5. Calculate h(-5).
-33
Let b(g) = -6*g - 3. Suppose -5*v = -2*w + 7*w - 40, -35 = -4*v - 3*w. Let q(f) = -16*f - 9. Let x(c) = v*b(c) - 4*q(c). What is x(5)?
-7
Let b(u) = -108*u**2 - 129*u**2 - 130*u**2 - 2*u + 500*u**2 + 14 - 134*u**2. Determine b(-4).
6
Let n(q) = -q**2 +